igit of k?
5
Suppose 29*g - 32*g = 222. Let m = g + 56. Let b = 64 + m. What is the tens digit of b?
4
Let n(j) = -j**2 - 10*j + 3. Let x be n(-10). Suppose 0 = x*h + 21 - 75. Let q(v) = -v**2 + 19*v - 4. What is the units digit of q(h)?
4
Let q(b) = 1951*b - 3203. What is the thousands digit of q(14)?
4
Let f(t) = 841*t + 13. What is the hundreds digit of f(7)?
9
Let m(h) = 4*h**3 + 7*h**2 + 6*h + 9. Let w be m(-10). Let u = w - -5250. What is the hundreds digit of u?
8
Let r = -217 - -193. Let i = r + 280. What is the units digit of i?
6
Suppose -1764 = -20*y + 27*y. Let x = y + 372. What is the tens digit of x?
2
Suppose -6*m = -40 - 14. Suppose 2*n = m*n - 2933. What is the units digit of n?
9
Suppose 5*k - 2876 = -y, -4*k - 4*y = -y - 2314. What is the hundreds digit of k?
5
Let a = 13492 + -6618. What is the thousands digit of a?
6
Suppose 4*r - 2*v = 19482, 3*r + 0*v + 7*v - 14671 = 0. What is the thousands digit of r?
4
Let h(l) = -2*l**2 + 0*l - 3*l**3 + 12*l**3 - 9 + 9*l - 5. Let p be h(5). Suppose 4*x = -3*x + p. What is the tens digit of x?
5
Let c be 1905/10*2/3. Let i be ((-700)/21)/(4/(-30)). Let z = i - c. What is the hundreds digit of z?
1
Let a = -373 + 383. Suppose -a*t - 3960 = -15*t. What is the tens digit of t?
9
Let b(x) = -x**3 - 19*x**2 - 44*x - 246. What is the thousands digit of b(-27)?
6
Let t = 83 - 80. Let q be ((-48)/32)/(t/4). What is the tens digit of q/((-4)/6)*1520/24?
9
Let u = -539 - -599. What is the units digit of 85600/u - (-2 - (-11)/3)?
5
Suppose -p = -2*p - z - 1551, 0 = 4*z + 12. Let o = -714 - p. What is the units digit of o?
4
Let d(o) = 5*o**2 - 11*o + 2. Let m be d(13). Suppose m + 292 = 3*h. What is the tens digit of h?
3
Let n(h) = -2*h**2 + h + 2. Let j(w) = 2*w**2 + 22*w + 16. Let g(l) = 2*j(l) - 4*n(l). What is the hundreds digit of g(-9)?
6
Let i = 494 - 494. Suppose i = 59*z - 76*z + 23341. What is the tens digit of z?
7
Suppose 0 = 390*j - 417*j + 305208. What is the tens digit of j?
0
Suppose v - 9896 = -5*m, 2*v + 3*m - 28653 + 8875 = 0. What is the units digit of v?
6
Let f(g) = -887*g**3 - 51*g**2 + 5*g + 2. What is the ten thousands digit of f(-3)?
2
What is the units digit of 39677 - (63/(-12))/(102/(-136))?
0
Let v be ((-279)/(-18))/(2/(-4)). Suppose 3*f + 27 + 6 = 0. Let b = f - v. What is the units digit of b?
0
Let j(b) = 4*b**3 - 420*b**2 - 38*b - 166. What is the hundreds digit of j(106)?
7
Let k(s) = 3*s**2 + 13*s - 12. Let m be k(1). Suppose 0 = -m*i + o + 3738, 0 = o - 3*o - 4. What is the tens digit of i?
3
Let m(s) = -s**2 - 2*s. Let i(w) = -6*w**2 + 14*w - 5. Let z(t) = -i(t) + 3*m(t). What is the tens digit of z(9)?
6
Let f(t) = -46*t + 1. Let h be f(1). Let u = 41 + h. Let s(i) = -2*i**3 - 8*i**2 - 9*i - 2. What is the tens digit of s(u)?
3
Suppose 224*q - 5867865 - 2467482 = -155*q. What is the hundreds digit of q?
9
Let x be 2/(-13) - 18/(-117). Suppose x = -3*k - 152 - 19. Let m = 49 - k. What is the tens digit of m?
0
What is the thousands digit of (-743220)/450*10/(-2)?
8
Suppose 3*l = -5 + 8. Let d(r) = -47*r**2 + r - 3. Let t be d(l). Let b = t - -118. What is the units digit of b?
9
Let l(v) = 2*v**2 + 79*v - 2758. What is the tens digit of l(80)?
6
What is the hundreds digit of (23894717/88)/7 - (-4)/(-32)?
7
Let s(w) = -493*w - 104. Let l(r) = 495*r + 106. Let t(j) = -3*l(j) - 2*s(j). What is the tens digit of t(-2)?
8
Let v(d) = -152*d - 4846. What is the tens digit of v(-127)?
5
Let g(k) = 2*k + 46. Let a be g(-20). Suppose 31*j = 34*j - a. Let v = j + 51. What is the tens digit of v?
5
Let m = 28063 + -11461. What is the thousands digit of m?
6
Let m = 422 - 417. Suppose m*l - n - 2063 = 0, 3*l + 5*n + 1663 = 7*l. What is the hundreds digit of l?
4
What is the tens digit of 9*1/1 - (-12046)/38?
2
Let y(m) = 8 - 7*m + 3 + 3. Suppose -10 = -5*w, -3*d + 3*w = 2*d + 96. What is the tens digit of y(d)?
4
Suppose 6*v + s = 5*v + 72424, 0 = 2*v + 3*s - 144853. What is the thousands digit of v?
2
Let d be (-19)/(3*5/(-45)). Suppose 53*s = d*s - 1468. What is the units digit of s?
7
Let d be (-51)/9 - -6 - (-145)/(-3). Let y = d + 52. Suppose 10 = -y*b - 2, -x - 2*b = -167. What is the hundreds digit of x?
1
Suppose c + 4*q - 2 = -10, q + 2 = -5*c. Suppose c = -5*g - 773 + 2853. What is the tens digit of g?
1
Let q(y) = 9*y - 62 + 8 - y**2 + y**2 + y**2 + 2*y**2. What is the units digit of q(12)?
6
What is the tens digit of (42130/(-33))/(-1*(-4)/(-18))?
4
Let q = 190 - 206. What is the tens digit of -33*52/q - (-4)/(-16)?
0
Let x be 10*(2 - (-20)/(-8)). What is the units digit of (-635)/x - (-11 + 5)?
3
Let a(y) be the second derivative of y**5/20 + y**4/6 - 7*y**3/6 - 3*y**2/2 + y - 29. What is the tens digit of a(6)?
4
Let w = 2899 - -1361. Let s = -2946 + w. What is the thousands digit of s?
1
Let f = 731 - 257. Let t = 2 + f. Suppose 0 = -14*g + t + 1330. What is the tens digit of g?
2
Let s = 1912 - -1618. What is the thousands digit of s?
3
Let k(j) = 30*j**2 - 26*j + 332. What is the thousands digit of k(9)?
2
Let n(s) = s**3 - 15*s**2 + 6*s - 15. Let p be n(16). Suppose 5*r = p + 1538. What is the tens digit of r?
7
Let p = -91 + 143. Let q = -140 + p. Let y = 150 + q. What is the tens digit of y?
6
What is the units digit of 112*((-4364)/(-16) + (-57)/(-19))?
4
Suppose -1 = -6*y + 11. Suppose -2*v + 645 = y*h - 1379, -2*h + 2*v + 2008 = 0. Suppose 4*l - h = -2*l. What is the units digit of l?
8
Suppose 4*t - 2*g + 1376 = 3632, 2833 = 5*t + 4*g. What is the tens digit of t?
6
Let k(d) = -d**3 + 12*d**2 - 12*d + 149. Let j be k(12). Suppose -2*r = -0*r - 1114. Suppose -r + 67 = -j*h. What is the tens digit of h?
9
Let m(x) = -86*x**3 - 2*x**2 + 14*x + 46. What is the ten thousands digit of m(-5)?
1
Let m = 114 - -648. Suppose -3*y - 2*a + m = 150, -y - 5*a + 204 = 0. What is the units digit of y?
4
Suppose 27356 = 60*n - 56*n. What is the tens digit of n?
3
Let k(t) = -355*t + 151. What is the thousands digit of k(-4)?
1
Let d(o) = 2991*o - 170. What is the tens digit of d(2)?
1
Suppose 168*t - 179*t + 3630 = 0. What is the units digit of t?
0
Let k be (-39*1)/((-9)/6). Suppose -34*j = 2*j - 5*j. Suppose j = -c + 86 + k. What is the hundreds digit of c?
1
Let c = 30696 + 32324. What is the ten thousands digit of c?
6
Let v = -1139 - -2012. Let u = v + -491. What is the hundreds digit of u?
3
Let k(z) = z**3 - z**2 + 2*z + 44. Suppose 3*r - 28*r = 4*r. What is the units digit of k(r)?
4
Suppose 0 = -4*i - 4*j + 233642 + 33306, 3*i + 9*j - 200217 = 0. What is the ten thousands digit of i?
6
Let h(s) be the second derivative of -s**5/20 + 5*s**4/4 - 5*s**3/6 + 10*s**2 - 5*s. Let y be h(14). Let r = y - 103. What is the tens digit of r?
4
Suppose s + 5*o - 15 = 0, -s = -5*o - 2 + 7. Suppose 4*r - 738 = 2*f, -s*r = 4*f - 2*f - 936. What is the hundreds digit of r?
1
Let r(w) = -22*w**3 + 12*w**2 + 71*w + 326. What is the thousands digit of r(-9)?
6
Suppose 29905 = 5*l - 2*s - 35961, 4*s = -l + 13182. What is the thousands digit of l?
3
Let g(o) = o**3 - 3*o**2 - 1. Let d be g(3). Let b be (d + -14)*34/(-5). Let q = b + -68. What is the units digit of q?
4
Let r be (196/(-6))/((-9)/567). Suppose -3*y + 315 + r = 0. What is the tens digit of y?
9
Let z = 34 - 34. Suppose -7*p + 759 + 284 = z. What is the hundreds digit of p?
1
What is the units digit of (15 - 2700)/(10/(-60))?
0
Suppose 0 = -60*w + 57*w + 114. What is the units digit of ((-19)/w)/((-1)/858)?
9
Suppose 7*v - 11*v = -100. Suppose -i = v - 167. What is the tens digit of i?
4
Suppose -31659 - 1563732 = -49*t. What is the tens digit of t?
5
Suppose 0 = 9*o - 3*o - 36. Suppose o*t - 3*t = 558. What is the hundreds digit of t?
1
Let l = 7 + 3. Suppose -2*w - l = -a, -5*a + 17 = w - 66. What is the tens digit of a?
1
Suppose 0 = -3*p + 134*c - 136*c + 178026, 4*c = 24. What is the thousands digit of p?
9
Let m(g) = 3*g**2 - 5*g + 2*g + 1 - 3. Let o be m(2). Suppose 54 = 5*v + o. What is the tens digit of v?
1
Suppose 4*s - m = m + 20, m - 11 = -5*s. Suppose 0 = s*j + 3*z - 2295, 2*z = -j + 410 + 358. What is the units digit of j?
2
Let x(l) = l - 9. Let q be x(6). Let r be (q/(-2) - 3/(-6)) + 466. Suppose -j = -7*j + r. What is the units digit of j?
8
What is the hundreds digit of 585/130*46428/27?
7